{"id":574,"date":"2023-08-26T15:54:40","date_gmt":"2023-08-26T15:54:40","guid":{"rendered":"https:\/\/www.stephane-micalisyn.ch\/?page_id=574"},"modified":"2025-09-18T12:07:24","modified_gmt":"2025-09-18T12:07:24","slug":"declaration-protection-donnees","status":"publish","type":"page","link":"https:\/\/www.stephane-micalisyn.ch\/index.php\/declaration-protection-donnees\/","title":{"rendered":"D\u00e9claration de protection des donn\u00e9es"},"content":{"rendered":"\n\n\t\t\t\t<img loading=\"lazy\" decoding=\"async\" src=\"https:\/\/www.stephane-micalisyn.ch\/wp-content\/uploads\/2023\/08\/20200806_153631-2-1024x342.jpg\" alt=\"20200806_153631 (2)\" itemprop=\"image\" height=\"280\" width=\"837\" title=\"20200806_153631 (2)\" onerror=\"this.style.display='none'\"  \/>\n\t<p><strong>La d\u00e9claration de protection des donn\u00e9es suivante, qui s&rsquo;applique \u00e0 l&rsquo;utilisation du site Internet ainsi qu&rsquo;aux services qui y sont propos\u00e9s, vous informe sur la collecte de donn\u00e9es \u00e0 caract\u00e8re personnel lors de votre navigation.\u00a0 Nous traitons des donn\u00e9es \u00e0 caract\u00e8re personnel vous concernant dans le respect des lois et exigences en mati\u00e8re de protection des donn\u00e9es en vigueur.\u00a0 <\/strong><\/p>\n<p><strong>Collecte de donn\u00e9es et d&rsquo;informations g\u00e9n\u00e9rales\u00a0\u00a0 <\/strong><\/p>\n<p>A chaque fois que vous consultez ce site web, une s\u00e9rie de donn\u00e9es et d&rsquo;informations g\u00e9n\u00e9rales sont collect\u00e9es, y compris celles qui ont un lien avec une personne. Ces donn\u00e9es et informations sont enregistr\u00e9es dans les fichiers journaux du serveur. Peuvent \u00eatre saisis les types et versions de navigateurs utilis\u00e9s, le syst\u00e8me d&rsquo;exploitation utilis\u00e9 par le syst\u00e8me d&rsquo;acc\u00e8s, le site web \u00e0 partir duquel un syst\u00e8me d&rsquo;acc\u00e8s arrive sur ce site web, les sous-sites web auxquels un syst\u00e8me d&rsquo;acc\u00e8s acc\u00e8de sur le site web, la date et l&rsquo;heure d&rsquo;un acc\u00e8s au site web, une adresse de protocole Internet (adresse IP), le fournisseur de services Internet du syst\u00e8me d&rsquo;acc\u00e8s et d&rsquo;autres donn\u00e9es et informations similaires destin\u00e9es \u00e0 pr\u00e9venir les risques en cas d&rsquo;attaques sur l&rsquo;infrastructure informatique.<\/p>\n<p><strong>Donn\u00e9es personnelles\u00a0 <\/strong><\/p>\n<p>Les donn\u00e9es personnelles sont toutes les informations qui se rapportent \u00e0 une personne identifi\u00e9e ou identifiable. Le traitement comprend toute manipulation de donn\u00e9es personnelles, notamment la conservation, la communication, la collecte, la saisie, l&rsquo;effacement, l&rsquo;enregistrement, la modification, la destruction et l&rsquo;utilisation.<\/p>\n<p><strong>Type, but et \u00e9tendue du traitement <\/strong><\/p>\n<p>En utilisant ce site web, vous acceptez le traitement de vos donn\u00e9es personnelles conform\u00e9ment \u00e0 la pr\u00e9sente d\u00e9claration de protection des donn\u00e9es. Seules les donn\u00e9es personnelles n\u00e9cessaires \u00e0 la pr\u00e9sentation correcte des contenus du site web, \u00e0 l&rsquo;optimisation des contenus du site web, \u00e0 la garantie du fonctionnement durable de l&rsquo;infrastructure informatique et de la technique du site web ainsi qu&rsquo;\u00e0 la mise \u00e0 disposition des informations n\u00e9cessaires aux autorit\u00e9s de poursuite p\u00e9nale en cas de cyberattaque sont trait\u00e9es. Les donn\u00e9es personnelles sont trait\u00e9es pendant la dur\u00e9e n\u00e9cessaire \u00e0 la r\u00e9alisation des objectifs susmentionn\u00e9s. Les donn\u00e9es personnelles dont le traitement n&rsquo;est plus n\u00e9cessaire sont rendues anonymes ou supprim\u00e9es.<\/p>\n<p><strong>S\u00e9curit\u00e9 des donn\u00e9es et responsabilit\u00e9\u00a0 <\/strong><\/p>\n<p>Des mesures techniques et organisationnelles ad\u00e9quates et appropri\u00e9es sont prises pour garantir la protection et la s\u00e9curit\u00e9 des donn\u00e9es. Malgr\u00e9 de telles mesures, le traitement des donn\u00e9es personnelles sur Internet peut entra\u00eener des violations de la protection des donn\u00e9es. C&rsquo;est pourquoi nous ne pouvons pas garantir une s\u00e9curit\u00e9 absolue des donn\u00e9es et d\u00e9clinons toute responsabilit\u00e9 lors de l&rsquo;utilisation de ce site web (\u00e9galement pour les sites web li\u00e9s).<\/p>\n<p><strong>Liens vers d&rsquo;autres sites Internet\u00a0 <\/strong><\/p>\n<p>Ce site Internet contient des liens vers des sites Internet d&rsquo;autres fournisseurs. Nous n&rsquo;avons aucune influence sur ces sites Internet, leurs contenus, offres ou disponibilit\u00e9, ni sur les d\u00e9clarations et dispositions relatives \u00e0 la protection des donn\u00e9es qui leur sont applicables.<\/p>\n<p><strong>Cookies et autres offres de services\u00a0 <\/strong><\/p>\n<p>Nous utilisons des cookies sur ce site Internet. Les cookies contiennent un identifiant unique qui associe les sites Internet et les serveurs \u00e0 un navigateur Internet pr\u00e9cis. Tout navigateur Internet peut \u00eatre reconnu et identifi\u00e9 au moyen de cet identifiant unique.\u00a0De telles informations sur l&rsquo;utilisation de ce site Internet (y compris votre adresse IP) peuvent, par exemple avec l&rsquo;utilisation de Google Analytics, \u00eatre transmises \u00e0 des serveurs \u00e0 l&rsquo;\u00e9tranger et y \u00eatre stock\u00e9es. En poursuivant votre navigation sur ce site Internet, vous d\u00e9clarez accepter le transfert de ces donn\u00e9es.<\/p>\n<p><strong>Moyens de communication\u00a0 <\/strong><\/p>\n<p>Ce site Internet contient certaines informations permettant une prise de contact rapide par voie \u00e9lectronique ainsi qu&rsquo;une communication imm\u00e9diate, ce qui inclut \u00e9galement une adresse e-mail g\u00e9n\u00e9rale. Si vous nous contactez par le biais des canaux de communication propos\u00e9s sur notre site Internet, vos coordonn\u00e9es et contenus ne seront utilis\u00e9s que pour traiter votre demande et y r\u00e9pondre. Remarque importante : la confidentialit\u00e9 ne pouvant \u00eatre garantie lors de la transmission de vos donn\u00e9es, il ne faut communiquer aucune donn\u00e9e confidentielle (question d&rsquo;ordre personnel ou m\u00e9dical, etc.) lors de cette prise de contact.<\/p>\n<p><strong>Vos droits <\/strong><\/p>\n<p>La loi sur la protection des donn\u00e9es vous octroie diff\u00e9rents droits, tels que le droit d&rsquo;acc\u00e8s, de rectification, d&rsquo;effacement ou de blocage des donn\u00e9es personnelles trait\u00e9es. Veuillez-nous contacter pour faire valoir ces droits. Nous restons volontiers \u00e0 votre disposition pour toute information compl\u00e9mentaire \u00e0 ce sujet.<\/p>\n<p><strong>Modifications\u00a0 <\/strong><\/p>\n<p>La pr\u00e9sente d\u00e9claration de protection des donn\u00e9es peut \u00eatre modifi\u00e9e en tout temps et sans pr\u00e9avis. La version applicable est celle qui est publi\u00e9e sur le site Internet. Lorsque la d\u00e9claration de protection des donn\u00e9es fait partie int\u00e9grante d&rsquo;un contrat conclu, vous serez inform\u00e9, par e-mail ou par tout autre moyen appropri\u00e9, de la modification apport\u00e9e en cas de mise \u00e0 jour.<\/p>\n<p>&nbsp;<\/p>\n<p>Lausanne, le 26 ao\u00fbt 2023<\/p>\n\t\t\t<a href=\"https:\/\/www.stephane-micalisyn.ch\/index.php\/contact-et-tarifs\/\" target=\"_self\" rel=\"noopener\">\n\t\t\t\t\t\t\tRevenir vers la page d&rsquo;accueil\n\t\t\t\t\t<\/a>\n\n","protected":false},"excerpt":{"rendered":"<p>La d\u00e9claration de protection des donn\u00e9es suivante, qui s&rsquo;applique \u00e0 l&rsquo;utilisation du site Internet ainsi qu&rsquo;aux services qui y sont propos\u00e9s, vous informe sur la collecte de donn\u00e9es \u00e0 caract\u00e8re personnel lors de votre navigation.\u00a0 Nous traitons des donn\u00e9es \u00e0 caract\u00e8re personnel vous concernant dans le respect des lois et exigences en mati\u00e8re de protection <a class=\"read-more\" href=\"https:\/\/www.stephane-micalisyn.ch\/index.php\/declaration-protection-donnees\/\">READ MORE<\/a><\/p>\n","protected":false},"author":1,"featured_media":0,"parent":0,"menu_order":0,"comment_status":"closed","ping_status":"closed","template":"","meta":{"_eb_attr":"","_monsterinsights_skip_tracking":false,"_monsterinsights_sitenote_active":false,"_monsterinsights_sitenote_note":"","_monsterinsights_sitenote_category":0,"_themeisle_gutenberg_block_has_review":false,"footnotes":""},"class_list":["post-574","page","type-page","status-publish","hentry"],"yoast_head":"<!-- This site is optimized with the Yoast SEO plugin v27.4 - https:\/\/yoast.com\/product\/yoast-seo-wordpress\/ -->\n<title>D\u00e9claration de protection des donn\u00e9es - St\u00e9phane Micalisyn<\/title>\n<meta name=\"description\" content=\"Psychologue dipl. FSP - hypnose \u00e0 Lausanne\" \/>\n<meta name=\"robots\" content=\"index, follow, max-snippet:-1, max-image-preview:large, max-video-preview:-1\" \/>\n<link rel=\"canonical\" href=\"https:\/\/www.stephane-micalisyn.ch\/index.php\/declaration-protection-donnees\/\" \/>\n<meta property=\"og:locale\" content=\"fr_FR\" \/>\n<meta property=\"og:type\" content=\"article\" \/>\n<meta property=\"og:title\" content=\"D\u00e9claration de protection des donn\u00e9es - St\u00e9phane Micalisyn\" \/>\n<meta property=\"og:description\" content=\"Psychologue dipl. FSP - hypnose \u00e0 Lausanne\" \/>\n<meta property=\"og:url\" content=\"https:\/\/www.stephane-micalisyn.ch\/index.php\/declaration-protection-donnees\/\" \/>\n<meta property=\"og:site_name\" content=\"St\u00e9phane Micalisyn\" \/>\n<meta property=\"article:modified_time\" content=\"2025-09-18T12:07:24+00:00\" \/>\n<meta property=\"og:image\" content=\"https:\/\/www.stephane-micalisyn.ch\/wp-content\/uploads\/2023\/08\/20200806_153631-2-1024x342.jpg\" \/>\n<meta name=\"twitter:card\" content=\"summary_large_image\" \/>\n<meta name=\"twitter:label1\" content=\"Dur\u00e9e de lecture estim\u00e9e\" \/>\n\t<meta name=\"twitter:data1\" content=\"5 minutes\" \/>\n<script type=\"application\/ld+json\" class=\"yoast-schema-graph\">{\"@context\":\"https:\\\/\\\/schema.org\",\"@graph\":[{\"@type\":\"WebPage\",\"@id\":\"https:\\\/\\\/www.stephane-micalisyn.ch\\\/index.php\\\/declaration-protection-donnees\\\/\",\"url\":\"https:\\\/\\\/www.stephane-micalisyn.ch\\\/index.php\\\/declaration-protection-donnees\\\/\",\"name\":\"D\u00e9claration de protection des donn\u00e9es - St\u00e9phane Micalisyn\",\"isPartOf\":{\"@id\":\"https:\\\/\\\/www.stephane-micalisyn.ch\\\/#website\"},\"primaryImageOfPage\":{\"@id\":\"https:\\\/\\\/www.stephane-micalisyn.ch\\\/index.php\\\/declaration-protection-donnees\\\/#primaryimage\"},\"image\":{\"@id\":\"https:\\\/\\\/www.stephane-micalisyn.ch\\\/index.php\\\/declaration-protection-donnees\\\/#primaryimage\"},\"thumbnailUrl\":\"https:\\\/\\\/www.stephane-micalisyn.ch\\\/wp-content\\\/uploads\\\/2023\\\/08\\\/20200806_153631-2-1024x342.jpg\",\"datePublished\":\"2023-08-26T15:54:40+00:00\",\"dateModified\":\"2025-09-18T12:07:24+00:00\",\"description\":\"Psychologue dipl. FSP - hypnose \u00e0 Lausanne\",\"breadcrumb\":{\"@id\":\"https:\\\/\\\/www.stephane-micalisyn.ch\\\/index.php\\\/declaration-protection-donnees\\\/#breadcrumb\"},\"inLanguage\":\"fr-FR\",\"potentialAction\":[{\"@type\":\"ReadAction\",\"target\":[\"https:\\\/\\\/www.stephane-micalisyn.ch\\\/index.php\\\/declaration-protection-donnees\\\/\"]}]},{\"@type\":\"ImageObject\",\"inLanguage\":\"fr-FR\",\"@id\":\"https:\\\/\\\/www.stephane-micalisyn.ch\\\/index.php\\\/declaration-protection-donnees\\\/#primaryimage\",\"url\":\"https:\\\/\\\/www.stephane-micalisyn.ch\\\/wp-content\\\/uploads\\\/2023\\\/08\\\/20200806_153631-2-scaled.jpg\",\"contentUrl\":\"https:\\\/\\\/www.stephane-micalisyn.ch\\\/wp-content\\\/uploads\\\/2023\\\/08\\\/20200806_153631-2-scaled.jpg\",\"width\":2560,\"height\":855},{\"@type\":\"BreadcrumbList\",\"@id\":\"https:\\\/\\\/www.stephane-micalisyn.ch\\\/index.php\\\/declaration-protection-donnees\\\/#breadcrumb\",\"itemListElement\":[{\"@type\":\"ListItem\",\"position\":1,\"name\":\"Accueil\",\"item\":\"https:\\\/\\\/www.stephane-micalisyn.ch\\\/\"},{\"@type\":\"ListItem\",\"position\":2,\"name\":\"D\u00e9claration de protection des donn\u00e9es\"}]},{\"@type\":\"WebSite\",\"@id\":\"https:\\\/\\\/www.stephane-micalisyn.ch\\\/#website\",\"url\":\"https:\\\/\\\/www.stephane-micalisyn.ch\\\/\",\"name\":\"St\u00e9phane Micalisyn\",\"description\":\"Psychologue dipl. FSP - hypnose \u00e0 Lausanne\",\"publisher\":{\"@id\":\"https:\\\/\\\/www.stephane-micalisyn.ch\\\/#\\\/schema\\\/person\\\/d1b9c436214234a44546c05caad1b513\"},\"alternateName\":\"Psychologue dipl. FSP - hypnose \u00e0 Lausanne\",\"potentialAction\":[{\"@type\":\"SearchAction\",\"target\":{\"@type\":\"EntryPoint\",\"urlTemplate\":\"https:\\\/\\\/www.stephane-micalisyn.ch\\\/?s={search_term_string}\"},\"query-input\":{\"@type\":\"PropertyValueSpecification\",\"valueRequired\":true,\"valueName\":\"search_term_string\"}}],\"inLanguage\":\"fr-FR\"},{\"@type\":[\"Person\",\"Organization\"],\"@id\":\"https:\\\/\\\/www.stephane-micalisyn.ch\\\/#\\\/schema\\\/person\\\/d1b9c436214234a44546c05caad1b513\",\"name\":\"St\u00e9phane Micalisyn\",\"image\":{\"@type\":\"ImageObject\",\"inLanguage\":\"fr-FR\",\"@id\":\"https:\\\/\\\/www.stephane-micalisyn.ch\\\/wp-content\\\/uploads\\\/2022\\\/10\\\/20221024_152118-scaled.jpg\",\"url\":\"https:\\\/\\\/www.stephane-micalisyn.ch\\\/wp-content\\\/uploads\\\/2022\\\/10\\\/20221024_152118-scaled.jpg\",\"contentUrl\":\"https:\\\/\\\/www.stephane-micalisyn.ch\\\/wp-content\\\/uploads\\\/2022\\\/10\\\/20221024_152118-scaled.jpg\",\"width\":1920,\"height\":2560,\"caption\":\"St\u00e9phane Micalisyn\"},\"logo\":{\"@id\":\"https:\\\/\\\/www.stephane-micalisyn.ch\\\/wp-content\\\/uploads\\\/2022\\\/10\\\/20221024_152118-scaled.jpg\"},\"sameAs\":[\"https:\\\/\\\/www.stephane-micalisyn.ch\"]}]}<\/script>\n<!-- \/ Yoast SEO plugin. -->","yoast_head_json":{"title":"D\u00e9claration de protection des donn\u00e9es - St\u00e9phane Micalisyn","description":"Psychologue dipl. FSP - hypnose \u00e0 Lausanne","robots":{"index":"index","follow":"follow","max-snippet":"max-snippet:-1","max-image-preview":"max-image-preview:large","max-video-preview":"max-video-preview:-1"},"canonical":"https:\/\/www.stephane-micalisyn.ch\/index.php\/declaration-protection-donnees\/","og_locale":"fr_FR","og_type":"article","og_title":"D\u00e9claration de protection des donn\u00e9es - St\u00e9phane Micalisyn","og_description":"Psychologue dipl. FSP - hypnose \u00e0 Lausanne","og_url":"https:\/\/www.stephane-micalisyn.ch\/index.php\/declaration-protection-donnees\/","og_site_name":"St\u00e9phane Micalisyn","article_modified_time":"2025-09-18T12:07:24+00:00","og_image":[{"url":"https:\/\/www.stephane-micalisyn.ch\/wp-content\/uploads\/2023\/08\/20200806_153631-2-1024x342.jpg","type":"","width":"","height":""}],"twitter_card":"summary_large_image","twitter_misc":{"Dur\u00e9e de lecture estim\u00e9e":"5 minutes"},"schema":{"@context":"https:\/\/schema.org","@graph":[{"@type":"WebPage","@id":"https:\/\/www.stephane-micalisyn.ch\/index.php\/declaration-protection-donnees\/","url":"https:\/\/www.stephane-micalisyn.ch\/index.php\/declaration-protection-donnees\/","name":"D\u00e9claration de protection des donn\u00e9es - St\u00e9phane Micalisyn","isPartOf":{"@id":"https:\/\/www.stephane-micalisyn.ch\/#website"},"primaryImageOfPage":{"@id":"https:\/\/www.stephane-micalisyn.ch\/index.php\/declaration-protection-donnees\/#primaryimage"},"image":{"@id":"https:\/\/www.stephane-micalisyn.ch\/index.php\/declaration-protection-donnees\/#primaryimage"},"thumbnailUrl":"https:\/\/www.stephane-micalisyn.ch\/wp-content\/uploads\/2023\/08\/20200806_153631-2-1024x342.jpg","datePublished":"2023-08-26T15:54:40+00:00","dateModified":"2025-09-18T12:07:24+00:00","description":"Psychologue dipl. FSP - hypnose \u00e0 Lausanne","breadcrumb":{"@id":"https:\/\/www.stephane-micalisyn.ch\/index.php\/declaration-protection-donnees\/#breadcrumb"},"inLanguage":"fr-FR","potentialAction":[{"@type":"ReadAction","target":["https:\/\/www.stephane-micalisyn.ch\/index.php\/declaration-protection-donnees\/"]}]},{"@type":"ImageObject","inLanguage":"fr-FR","@id":"https:\/\/www.stephane-micalisyn.ch\/index.php\/declaration-protection-donnees\/#primaryimage","url":"https:\/\/www.stephane-micalisyn.ch\/wp-content\/uploads\/2023\/08\/20200806_153631-2-scaled.jpg","contentUrl":"https:\/\/www.stephane-micalisyn.ch\/wp-content\/uploads\/2023\/08\/20200806_153631-2-scaled.jpg","width":2560,"height":855},{"@type":"BreadcrumbList","@id":"https:\/\/www.stephane-micalisyn.ch\/index.php\/declaration-protection-donnees\/#breadcrumb","itemListElement":[{"@type":"ListItem","position":1,"name":"Accueil","item":"https:\/\/www.stephane-micalisyn.ch\/"},{"@type":"ListItem","position":2,"name":"D\u00e9claration de protection des donn\u00e9es"}]},{"@type":"WebSite","@id":"https:\/\/www.stephane-micalisyn.ch\/#website","url":"https:\/\/www.stephane-micalisyn.ch\/","name":"St\u00e9phane Micalisyn","description":"Psychologue dipl. FSP - hypnose \u00e0 Lausanne","publisher":{"@id":"https:\/\/www.stephane-micalisyn.ch\/#\/schema\/person\/d1b9c436214234a44546c05caad1b513"},"alternateName":"Psychologue dipl. FSP - hypnose \u00e0 Lausanne","potentialAction":[{"@type":"SearchAction","target":{"@type":"EntryPoint","urlTemplate":"https:\/\/www.stephane-micalisyn.ch\/?s={search_term_string}"},"query-input":{"@type":"PropertyValueSpecification","valueRequired":true,"valueName":"search_term_string"}}],"inLanguage":"fr-FR"},{"@type":["Person","Organization"],"@id":"https:\/\/www.stephane-micalisyn.ch\/#\/schema\/person\/d1b9c436214234a44546c05caad1b513","name":"St\u00e9phane Micalisyn","image":{"@type":"ImageObject","inLanguage":"fr-FR","@id":"https:\/\/www.stephane-micalisyn.ch\/wp-content\/uploads\/2022\/10\/20221024_152118-scaled.jpg","url":"https:\/\/www.stephane-micalisyn.ch\/wp-content\/uploads\/2022\/10\/20221024_152118-scaled.jpg","contentUrl":"https:\/\/www.stephane-micalisyn.ch\/wp-content\/uploads\/2022\/10\/20221024_152118-scaled.jpg","width":1920,"height":2560,"caption":"St\u00e9phane Micalisyn"},"logo":{"@id":"https:\/\/www.stephane-micalisyn.ch\/wp-content\/uploads\/2022\/10\/20221024_152118-scaled.jpg"},"sameAs":["https:\/\/www.stephane-micalisyn.ch"]}]}},"_links":{"self":[{"href":"https:\/\/www.stephane-micalisyn.ch\/index.php\/wp-json\/wp\/v2\/pages\/574","targetHints":{"allow":["GET"]}}],"collection":[{"href":"https:\/\/www.stephane-micalisyn.ch\/index.php\/wp-json\/wp\/v2\/pages"}],"about":[{"href":"https:\/\/www.stephane-micalisyn.ch\/index.php\/wp-json\/wp\/v2\/types\/page"}],"author":[{"embeddable":true,"href":"https:\/\/www.stephane-micalisyn.ch\/index.php\/wp-json\/wp\/v2\/users\/1"}],"replies":[{"embeddable":true,"href":"https:\/\/www.stephane-micalisyn.ch\/index.php\/wp-json\/wp\/v2\/comments?post=574"}],"version-history":[{"count":18,"href":"https:\/\/www.stephane-micalisyn.ch\/index.php\/wp-json\/wp\/v2\/pages\/574\/revisions"}],"predecessor-version":[{"id":732,"href":"https:\/\/www.stephane-micalisyn.ch\/index.php\/wp-json\/wp\/v2\/pages\/574\/revisions\/732"}],"wp:attachment":[{"href":"https:\/\/www.stephane-micalisyn.ch\/index.php\/wp-json\/wp\/v2\/media?parent=574"}],"curies":[{"name":"wp","href":"https:\/\/api.w.org\/{rel}","templated":true}]}}